lculate p(-142).
16
Let i(j) = 30615*j - 428609. Give i(14).
1
Let s(x) = -5*x**2 - 1707*x + 23055. Give s(13).
19
Let m(f) = f**3 - 98*f**2 - 205*f + 475. Give m(100).
-25
Let f(v) = -v**3 + 8*v**2 + 48*v - 163. Determine f(11).
2
Let n(b) = b**3 - 12*b**2 + 160*b + 1084. Give n(-6).
-524
Let c(w) = -7*w + 1070. Determine c(9).
1007
Let z(q) = q**3 + 9*q**2 - 226*q + 2201. Give z(9).
1625
Let i(u) = 9*u**3 + 8944*u**2 - 2033*u - 44714. Determine i(-994).
16
Let k(y) = 15*y**3 - 5*y**2 + 74*y - 114. What is k(2)?
134
Let q(i) = 10*i**3 + 761*i**2 + 473*i + 30179. Determine q(-76).
7
Let p(r) = -2*r**3 - 1509*r**2 + 7465*r + 657. Give p(5).
7
Let u(x) = x**3 - 171*x**2 + 7099*x - 8812. Calculate u(67).
-35
Let l(a) = 69*a**2 + 1016*a - 34. What is l(-15)?
251
Let x(k) = -k**3 - 347*k**2 - 24154*k + 24013. What is x(-250)?
13
Let i(s) = -s**3 + 164*s**2 + 1072*s - 95359. What is i(167)?
-2
Let h(j) = j**3 - 163*j**2 - 245*j - 14193. What is h(165)?
-168
Let i(p) = 1178*p - 293312. Give i(249).
10
Let a(c) = -186*c**3 - 30*c**2 - 61*c + 57. Calculate a(-3).
4992
Let r(y) = -y**3 - 10*y**2 - 20*y - 1. What is r(-6)?
-25
Let t(n) = -2*n**3 - 55*n**2 + 25*n - 32. Determine t(-28).
52
Let i(t) = -147*t**3 - 1743*t**2 + 245*t - 82. What is i(-12)?
2
Let d(q) = 2*q**3 - 4*q**2 + 102*q + 85. What is d(8)?
1669
Let k(l) = 305*l**2 + 1243*l + 98. Determine k(-4).
6
Let s(c) = 72680*c - 436087. Give s(6).
-7
Let w(v) = 61*v**3 - v**2 + 3206*v + 3205. What is w(-1)?
-63
Let o(n) = -205*n**3 - 1432*n**2 + 36*n + 110. What is o(-7)?
5
Let g(s) = s**3 - 64*s**2 - 508*s + 24825. Calculate g(66).
9
Let c(k) = 70641*k - 353203. What is c(5)?
2
Let g(h) = -h**3 - 18*h**2 + 664*h - 3095. Give g(6).
25
Let y(j) = -10*j**3 - 44*j**2 - 2*j - 317. What is y(0)?
-317
Let a(d) = 2*d**3 - 20*d**2 - 180*d - 1937. Determine a(18).
7
Let c(z) = -731555*z - 9510223. What is c(-13)?
-8
Let x(k) = 2*k**2 - 252*k - 2030. Determine x(135).
400
Let l(v) = 4428*v + 199595. What is l(-45)?
335
Let x(j) = 7*j**2 + 842*j + 5631. Give x(-111).
-1584
Let q(t) = -2032*t + 997700. What is q(491)?
-12
Let t(m) = 290*m + 2389. Calculate t(-9).
-221
Let a(c) = 4269*c + 42688. Calculate a(-10).
-2
Let c(j) = 3545*j + 74485. Determine c(-21).
40
Let l(n) = -1278*n + 9756. What is l(8)?
-468
Let b(z) = -59124*z + 295607. Calculate b(5).
-13
Let m(l) = -l**3 + 15*l**2 + 323*l + 34. Give m(-13).
567
Let p(k) = k**3 - 272*k**2 + 1339*k - 1080. Give p(267).
-12
Let y(j) = -j**3 + 20*j**2 + 50*j - 130. Give y(8).
1038
Let i(m) = -170*m**3 - 12578*m**2 + 148*m - 65. What is i(-74)?
-65
Let x(o) = -37*o**3 - 6*o**2 - 12*o + 16. Determine x(2).
-328
Let b(g) = 1167*g**2 - 1160*g - 6. Give b(1).
1
Let b(d) = 1896*d**2 + 22750*d - 29. What is b(-12)?
-5
Let g(v) = v**3 - 131*v**2 - 46098*v + 1915. Give g(-159).
7
Let f(t) = -183*t**2 - 35497*t + 449. Calculate f(-194).
-521
Let g(l) = -1289*l + 22038. Calculate g(18).
-1164
Let o(p) = 33372*p + 5039180. Give o(-151).
8
Let z(s) = -12848*s + 115705. Determine z(9).
73
Let n(s) = -13068*s - 444326. Determine n(-34).
-14
Let a(i) = 556684*i + 5566835. Calculate a(-10).
-5
Let h(f) = f**2 - 835*f - 99722. Calculate h(-106).
24
Let j(b) = 7*b**2 - 91*b - 642. What is j(-12)?
1458
Let t(n) = 9*n**2 + 718*n + 38. Calculate t(0).
38
Let g(h) = -1562*h**2 + 54675*h - 39. Give g(35).
136
Let t(r) = r**3 - 238*r**2 + 1615*r + 456. What is t(231)?
-6
Let b(l) = 22245*l**2 - 44527*l - 4. What is b(2)?
-78
Let w(z) = -2*z**2 + 26*z + 248. What is w(-11)?
-280
Let z(s) = -1115*s**2 + 7805*s - 7. Calculate z(7).
-7
Let p(f) = 1976878*f + 7907520. Give p(-4).
8
Let m(w) = -6998*w + 56405. Calculate m(8).
421
Let z(y) = 5*y**3 + 7*y**2 - 80*y - 2. Give z(6).
850
Let g(j) = -17*j**2 + 308*j - 1987. Give g(18).
-1951
Let m(y) = 2*y**3 + 20*y**2 - 343*y + 6. What is m(9)?
-3
Let z(m) = -4523*m + 425001. Calculate z(94).
-161
Let n(y) = 7629*y + 76298. What is n(-10)?
8
Let g(a) = -123*a - 2780. What is g(-23)?
49
Let f(s) = -589*s - 12602. Give f(-22).
356
Let u(g) = 138001*g + 5244035. Calculate u(-38).
-3
Let p(o) = 2*o**3 + 24*o**2 - 11409*o - 136911. Determine p(-12).
-3
Let b(m) = m**3 + 208*m**2 + 10414*m - 263. Calculate b(-124).
-15
Let h(z) = 4*z**3 + 311*z**2 - 195*z - 9243. What is h(-78)?
-117
Let p(q) = -q**2 + 397*q - 1194. Give p(3).
-12
Let i(j) = 39*j**3 + 1014*j**2 - 196*j - 5109. Determine i(-26).
-13
Let i(k) = -3*k**3 + 14*k**2 - 36*k + 52. Give i(2).
12
Let w(u) = -7*u**2 - 24323*u + 366418. Give w(15).
-2
Let t(o) = 3*o**3 - 166*o**2 + 1911*o - 72338. Determine t(52).
-6
Let r(x) = -276543*x + 1382738. Calculate r(5).
23
Let h(l) = 13*l**3 - 20*l**2 + 16*l + 7. Calculate h(3).
226
Let i(s) = -5*s**2 - 277*s - 3570. What is i(-32)?
174
Let a(l) = 2*l**3 + 685*l**2 + 5690*l + 4030. Calculate a(-334).
22
Let w(x) = 749*x**3 + 6*x**2 + 11*x - 13. Calculate w(1).
753
Let s(t) = -1801*t - 11534. Determine s(-6).
-728
Let m(f) = -4*f**3 - 53*f**2 + 381*f + 2730. Give m(-5).
0
Let k(q) = -4*q**3 - 7627*q**2 - 5812*q - 179164. Determine k(-1906).
0
Let k(u) = u**3 + 52*u**2 + 1209*u + 59042. Calculate k(-51).
-16
Let l(c) = 3*c**3 - 69*c**2 + 137*c - 8. Determine l(2).
14
Let l(c) = -8*c**2 - 238*c - 3664. Determine l(-17).
-1930
Let r(y) = y**3 + 61*y**2 + 239*y - 1450. Calculate r(-56).
846
Let c(z) = -12*z**2 - 86*z + 1767. Determine c(-16).
71
Let m(j) = 5*j**3 + 472*j**2 + 142*j - 4158. What is m(-94)?
166
Let u(h) = 5*h**3 - 790*h**2 + 7404*h - 46. Determine u(10).
-6
Let h(a) = -89*a**2 - 527*a + 170. Give h(-6).
128
Let a(x) = 73551*x + 956132. Calculate a(-13).
-31
Let j(p) = 39*p**2 - 58*p - 23. Determine j(-1).
74
Let o(a) = -a**2 - 455*a - 7379. Calculate o(-17).
67
Let g(j) = j**3 - 247*j**2 - 783*j - 55207. Determine g(251).
264
Let f(u) = 11058*u + 121589. What is f(-11)?
-49
Let r(l) = l**3 + 21*l**2 + 707*l + 16064. What is r(-22)?
26
Let m(w) = 2*w**3 + 24*w**2 - 7*w - 363. Give m(-7).
176
Let s(d) = 74*d**3 - 132*d**2 + 18*d - 52. Determine s(2).
48
Let g(z) = 8*z**3 - 1104*z**2 + 2189*z - 1755. What is g(136)?
13
Let w(u) = 49*u**3 + 4*u**2 - 4615*u - 9247. What is w(-2)?
-393
Let t(g) = -81281*g - 894125. Give t(-11).
-34
Let f(w) = 5463*w - 65604. Give f(12).
-48
Let w(u) = -2*u**3 - 34*u**2 - 72*u - 513. What is w(-17)?
711
Let h(i) = -45*i - 1438. Calculate h(-31).
-43
Let u(g) = -1470*g - 94124. Give u(-64).
-44
Let p(w) = -3*w**2 - 204*w + 10024. Give p(-101).
25
Let u(h) = -6*h**3 + 6311*h**2 + 1025*h + 28375. Determine u(1052).
-29
Let k(d) = d**2 + 698*d + 15540. What is k(-23)?
15
Let p(y) = 84593*y - 9558994. Calculate p(113).
15
Let r(z) = -87*z**3 + 133*z**2 - 383*z + 6. Give r(3).
-2295
Let n(q) = q**3 - 39*q**2 + 134*q + 3359. Determine n(15).
-31
Let n(g) = -g**3 + 298*g**2 + 1183*g - 174896. What is n(300)?
4
Let g(p) = -22*p**3 + 11*p**2 + 21*p - 16. Give g(-4).
1484
Let n(v) = 247*v + 4355. Determine n(-20).
-585
Let i(r) = r**3 + 34*r**2 + 250*r + 11606. What is i(-36)?
14
Let u(b) = -b**3 + 9*b**2 - 33*b + 652. Determine u(15).
-1193
Let q(f) = f**3 + 28*f**2 - 1235*f + 655. Determine q(-52).
-21
Let w(b) = 13*b + 4349. Determine w(-68).
3465
Let q(x) = x**2 + 126*x + 3324. What is q(-42)?
-204
Let c(x) = x**3 - 84*x**2 + 306*x + 43. Determine c(4).
-13
Let n(b) = b**3 - 170*b**2 + 1566*b + 5448. Calculate n(160).
8
Let t(d) = -5255*d + 982688. Calculate t(187).
3
Let p(a) = -48*a**2 - 18082*a - 12674. Calculate p(-376).
110
Let x(d) = -375*d - 9647. Determine x(-25).
-272
Let j(l) = 58128*l + 406901. What is j(-7)?
5
Let r(y) = y**2 + 12731*y - 485213. What is r(38)?
9
Let g(z) = 4*z**2 - 252*z - 2491. What is g(71)?
-219
Let u(s) = 4120*s - 284290. Calculate u(69).
-10
Let z(l) = 20*l**2 - 2413*l + 13666. Calculate z(6).
-92
Let v(i) = -4370*i + 432637. Calculate v(99).
7
Let l(j) = j**2 + 1994*j - 114831. What is l(56)?
-31
Let n(m) = -2*m**2 + 5703*m - 79452. Give n(14).
-2
Let v(a) = -90553*a - 814968. What is v(-9)?
9
Let b(j) = -382618*j + 4208781. What is b(11)?
-17
Let a(z) = z**3 - 26*z**2 + 169*z + 49. What is a(10)?
139
Let j(a) = -a**3 - 20*a**2 - 3884*a - 90937. Give j(-23).
-18
Let n(f) = -f**3 + 31*f**2 - 197*f + 34. What is n(26)?
-1708
Let m(o) = -o**3 - 368*o**2 + 3008*o + 102. Calculate m(-376).
